?
2
Let n be 2/7 + 1980/126. What is the highest common factor of n and 40?
8
Suppose -k - 2 = -11. Suppose 236 = 3*p + 4*x, -5*p + x + 253 + 102 = 0. Calculate the highest common divisor of p and k.
9
Let r(l) = 2*l**2 - 10*l + 3. Let z(x) = -x**3 + 11*x**2 - 2*x + 27. Let g be z(11). Let h be r(g). Calculate the greatest common factor of 27 and h.
3
Let y(w) = 17*w - 6. Let l be y(2). What is the greatest common divisor of l and 4?
4
Let q be (36/(0 + 1))/2. Calculate the highest common divisor of q and 9.
9
Let h = 42 - 20. Suppose -2*n + 3*t + 34 = -2*t, -h = -2*n + 2*t. What is the greatest common divisor of 77 and n?
7
Suppose 3*c + 2*c - 30 = 0. Calculate the highest common divisor of 9 and c.
3
Suppose -8*p - 2*p + 480 = 0. What is the greatest common factor of 32 and p?
16
Let a = 4 + 24. Calculate the greatest common divisor of 308 and a.
28
Suppose -4*g = -5*p - 290, -5*p + 2 + 8 = 0. Let h(l) = -7*l - 6. Let f be h(-8). What is the greatest common divisor of f and g?
25
Let z be (2 - 3) + (-2)/2. Let x be 10 + z - 6/2. What is the highest common divisor of x and 25?
5
Let k be 2/(-4) - 253/(-2). Let z = 43 + -26. Suppose u + 3 = z. What is the highest common factor of k and u?
14
Suppose 0 = -4*j - 13 + 293. Suppose d + i - 14 = 0, -7 = -4*i + 9. Calculate the greatest common factor of d and j.
10
Let k be 28*((-1 - 2) + 4). What is the greatest common factor of 70 and k?
14
Let s(o) = -5*o**3 + 1. Let y be s(-1). Calculate the greatest common divisor of y and 4.
2
Let x be 9/(-1)*(-28)/42. What is the greatest common divisor of 30 and x?
6
Suppose 8 = f - j, 4*j = -f - 0*f + 3. Suppose -2*t + 7 = -3. Suppose -3*v + t*m + 174 = 0, -55 = -v - 4*m + 20. What is the highest common divisor of f and v?
7
Suppose 2*j + 2*j - 20 = 0. Suppose 3 = -3*w + 3*m, 4*w + 23 = 5*w + j*m. Let k(q) = 2*q - 2. Let l be k(w). What is the highest common factor of 1 and l?
1
Let n(l) = l + 28. Let m be n(-15). Suppose p - 135 + 44 = 0. Calculate the greatest common divisor of p and m.
13
Let a = -20 + 29. Suppose 0*o = 2*o - 144. Calculate the greatest common divisor of o and a.
9
Let p = -190 + 196. What is the greatest common factor of 48 and p?
6
Let c = 14 + -8. Suppose -r + 24 = -c. What is the greatest common divisor of 12 and r?
6
Let i(h) = -3*h**2 + 4*h + 1. Let j(s) = 4*s**2 - 3*s. Let t(k) = -3*i(k) - 2*j(k). Let z be t(8). Calculate the highest common factor of 78 and z.
13
Let x be 3 + 1*(-2 - 0). Suppose -2*h - 5*o = 9, -h + 4*o = 2*h - 44. What is the highest common factor of x and h?
1
Let o be 0/3 + 4/(-2). Let k = o - -8. Let x(v) = -v**3 + 6*v**2 + 3*v - 6. Let i be x(k). What is the greatest common divisor of i and 96?
12
Let h = 38 + -5. Let m(g) = 2*g**2 - 1. Let z be m(-3). Let l = z + -6. What is the greatest common factor of h and l?
11
Suppose s - 3*s = -160. Calculate the greatest common divisor of s and 20.
20
Let q = -16 - -52. What is the highest common divisor of q and 90?
18
Let s(r) = -r + 10. Let o be s(6). What is the greatest common factor of 8 and o?
4
Suppose -2*y + 8 + 6 = 0. Let u = 16 + -2. What is the greatest common factor of u and y?
7
Let g = -9 + 16. Let n be -5 + 11 + -4 + 1. Suppose 26 = n*b - 3*k - 7, -4*b - 2*k + 62 = 0. Calculate the highest common divisor of g and b.
7
Suppose -z - 4*q + 59 = 0, 5*z + q + 0*q = 276. Suppose u - 3*c - 5 = 0, 7*u - 5*c = 2*u + z. What is the highest common factor of 14 and u?
14
Let a = 174 + -78. Calculate the greatest common factor of 12 and a.
12
Let z(t) = 2 - 2 + t + 4*t**3 - 2*t + 1. Let f be z(1). Let p = -12 + 18. Calculate the greatest common factor of f and p.
2
Suppose 11*f - 52 = 7*f. Calculate the highest common factor of 39 and f.
13
Let o be (-16)/(-7) - -4*(-5)/70. Calculate the highest common factor of o and 28.
2
Let p be (0 - -200) + (48/8)/(-3). What is the greatest common factor of p and 22?
22
Let o = -23 + 28. Calculate the highest common factor of 25 and o.
5
Let l(f) = 6*f - 54. Let t be l(12). What is the greatest common factor of t and 54?
18
Suppose 2*r + 3*r + 5*z - 115 = 0, -3*z = 2*r - 43. Calculate the highest common divisor of r and 2.
2
Let c = -4 - -4. Suppose 2*d + g - 16 = -g, c = -3*d - 4*g + 28. Calculate the highest common divisor of 1 and d.
1
Suppose -3*p = 27 + 1260. Let y = -301 - p. What is the greatest common factor of y and 16?
16
Let b = -19 - -37. Suppose 14 + b = n. Let r = 62 - n. What is the highest common divisor of 45 and r?
15
Suppose -o + 5*z - 4 = 0, 2*o + 96 = 7*o + 4*z. Let s = -10 + o. What is the highest common factor of 30 and s?
6
Let u(l) = 8*l**2 + 12*l - 13. Let m(q) = -15*q**2 - 23*q + 25. Let c(f) = -6*m(f) - 11*u(f). Let x be c(-5). Calculate the highest common factor of x and 39.
13
Suppose -8*x = -5*x + 3. Let b = x + 13. Calculate the highest common factor of 8 and b.
4
Let t be (-1)/(-1*1/12). Let m(g) = -2*g**3 - 2*g**2 + 2*g. Let v be (-20)/6 + 12/36. Let h be m(v). What is the highest common divisor of t and h?
6
Let p(i) = i**3 - 3*i**2 - 4. Let c be p(4). Calculate the highest common divisor of 12 and c.
12
Suppose -s + 60 = 3*s. Suppose 2 = c - 0. Suppose -75 = l - c*l. What is the greatest common factor of s and l?
15
Let p(r) = 4*r - 7. Let w be p(6). Calculate the highest common divisor of 34 and w.
17
Let o = 5 - 3. Let d(z) = z + 1. Let g be d(o). Suppose 0 = 2*r - 2*x - 40, -g*r + 5*x = -105 + 35. What is the highest common divisor of r and 15?
15
Let h be (-20)/10 + 16/2. What is the highest common factor of h and 24?
6
Let d(t) = 12*t**2 + 1. Let o be d(-1). Suppose -3*a + 141 = -3*m, 46 = 5*a + 5*m - 239. What is the greatest common factor of a and o?
13
Let r(i) = i**2 + 8*i + 3. Let o be r(-6). Let c be 3/2*(-84)/o. Calculate the greatest common divisor of 154 and c.
14
Let w = -15 + 19. Calculate the highest common factor of 6 and w.
2
Suppose 18*a - 234 = 5*a. Suppose 4*o - 15 = o. Let n be 2/o - 86/(-10). What is the highest common factor of n and a?
9
Suppose -3*w + 5 = -7, 0 = -d - 5*w + 37. Let x be (1 - 1170/3)*-1. Let h = x - 202. Calculate the greatest common divisor of d and h.
17
Let f be 1 - ((-16)/(-1))/1. Let c = 21 + f. Calculate the highest common factor of c and 4.
2
Let d(q) = 0*q**2 + 5*q - 3*q - 1 - 1 + 2*q**2. Let n be d(-8). Calculate the greatest common divisor of n and 11.
11
Let y be ((-12)/10)/((-2)/5). Suppose 7 = 2*c - 5*l - 16, y*c - 15 = l. Let n = 6 + c. What is the highest common divisor of n and 40?
10
Let r(s) = -5*s - 9. Let w be r(-6). Calculate the greatest common factor of 147 and w.
21
Let z = -13 + 29. Calculate the highest common divisor of z and 80.
16
Suppose -7*z + 40 = -2*z. Calculate the highest common divisor of z and 56.
8
Suppose -4*t - 167 = -4*u - 23, -t = 2*u - 72. What is the highest common divisor of 252 and u?
36
Let g be (-3)/2 + (-355)/(-2). Suppose -g = -2*f - 0*f. What is the highest common divisor of 11 and f?
11
Let m(r) = -3*r - 3. Let u be m(-3). Suppose -2 = -2*a - 2*n, -a = -4*n - 24 + 8. Suppose -u*t + a*t + 8 = 0. Calculate the highest common factor of 8 and t.
4
Let t be 7 - (-3)/((-6)/4). Suppose 0 = -t*v + v + 504. Calculate the highest common factor of v and 14.
14
Let y = -6 + 1. Let k = 19 + y. Suppose 0 = -n + 16 - 2. What is the highest common factor of k and n?
14
Suppose 25*s = 26*s - 16. What is the greatest common factor of s and 40?
8
Suppose -3*g + g - 182 = -4*q, -4*q = -4*g - 172. Let f(p) = -p + 16. Let k be f(10). What is the highest common factor of q and k?
6
Let r = 2 + -2. Suppose r = -5*n + n + 12. Suppose n*s + 15 = 4*s. What is the highest common factor of 105 and s?
15
Suppose -4*f + 560 = -0*f. What is the highest common factor of f and 20?
20
Let i = 63 + 3. Calculate the highest common factor of i and 6.
6
Let p = -7 + 9. Let s(v) = 7*v - 1. Let w be s(p). Suppose -r + 9 = -w. What is the greatest common divisor of r and 198?
22
Suppose -87 = -5*n - 5*k + 263, 4*k - 150 = -2*n. Let d = 2 + -3. Let o = d + n. What is the highest common factor of 8 and o?
8
Suppose s - j - 18 = 0, 4*s - 5*j + 3*j = 72. What is the greatest common factor of s and 36?
18
Suppose -5*h + 15 = 5*k, 4*h + 0*k = -2*k + 14. Calculate the greatest common divisor of h and 20.
4
Suppose -2*p - d - d + 2 = 0, -3*d